{"id":375,"date":"2026-03-18T22:22:45","date_gmt":"2026-03-18T22:22:45","guid":{"rendered":"https:\/\/hg.jungblut.dev\/?page_id=375"},"modified":"2026-04-21T19:21:25","modified_gmt":"2026-04-21T19:21:25","slug":"impressum","status":"publish","type":"page","link":"https:\/\/hg.jungblut.dev\/index.php\/impressum\/","title":{"rendered":"Impressum"},"content":{"rendered":"\t\t<div data-elementor-type=\"wp-page\" data-elementor-id=\"375\" class=\"elementor elementor-375\" data-elementor-post-type=\"page\">\n\t\t\t\t<div class=\"elementor-element elementor-element-19646a5 e-con-full e-flex e-con e-parent\" data-id=\"19646a5\" data-element_type=\"container\" data-e-type=\"container\" data-settings=\"{&quot;background_background&quot;:&quot;classic&quot;}\">\n\t\t\t\t<div class=\"elementor-element elementor-element-b3380d6 elementor-widget elementor-widget-html\" data-id=\"b3380d6\" data-element_type=\"widget\" data-e-type=\"widget\" data-widget_type=\"html.default\">\n\t\t\t\t\t<div class=\"hg-impressum\">\n  <style>\n    .hg-impressum {\n      color: #1C244B;\n      font-family: \"din2014\", sans-serif;\n      line-height: 1.55;\n      font-size: 16px;\n    }\n\n    .hg-impressum * {\n      color: #1C244B;\n      box-sizing: border-box;\n    }\n\n    .hg-impressum h1,\n    .hg-impressum h2,\n    .hg-impressum h3 {\n      margin: 0 0 16px;\n      line-height: 1.2;\n    }\n\n    .hg-impressum h1 {\n      font-weight: 700;\n      font-size: 35px;\n      margin-bottom: 32px;\n    }\n\n    .hg-impressum h2 {\n      font-weight: 700;\n      font-size: 24px;\n      margin-top: 40px;\n      margin-bottom: 18px;\n    }\n\n    .hg-impressum p {\n      margin: 0 0 14px;\n    }\n\n    .hg-impressum .block {\n      margin-bottom: 18px;\n    }\n\n    .hg-impressum .label {\n      font-weight: 700;\n      display: block;\n      margin-bottom: 2px;\n    }\n\n    \/* LINKS *\/\n    .hg-impressum a {\n      color: #C8886B;\n      text-decoration: none;\n      border-bottom: 1px solid rgba(200, 136, 107, 0.4);\n      transition: all 0.2s ease;\n    }\n\n    .hg-impressum a:hover {\n      color: #b57459; \/* leicht dunkler *\/\n      border-bottom-color: #b57459;\n    }\n  <\/style>\n\n  <h1>IMPRESSUM<\/h1>\n\n  <h2>1. Grundlegende Angaben nach \u00a7 5 TMG<\/h2>\n\n  <div class=\"block\">\n    <p>\n      Heublein Grau Rechtsanw\u00e4lte Partnerschaftsgesellschaft mbB,<br>\n      Partner sind Dr. Gerrit Heublein, Dr. J\u00f6rg Grau und Dr. Ulrich Pohlmann\n    <\/p>\n  <\/div>\n\n  <div class=\"block\">\n    <span class=\"label\">Hauptsitz:<\/span>\n    <p>\n      Schl\u00fcterstra\u00dfe 45<br>\n      10707 Berlin\n    <\/p>\n  <\/div>\n\n  <div class=\"block\">\n    <span class=\"label\">Niederlassung Hamburg:<\/span>\n    <p>\n      Neuer Wall 41<br>\n      20354 Hamburg\n    <\/p>\n  <\/div>\n\n  <div class=\"block\">\n    <span class=\"label\">Kontaktangaben:<\/span>\n    <p>\n      Telefon: <a href=\"tel:+493088929290\">+49 (0)30-88929290<\/a><br>\n      Fax: +49 (0)30-88929292<br>\n      E-Mail: <a href=\"mailto:office@heublein-grau.de\">office@heublein-grau.de<\/a>\n    <\/p>\n  <\/div>\n\n  <div class=\"block\">\n    <span class=\"label\">Vertretungsberechtigte Personen:<\/span>\n    <p>\n      Dr. Gerrit Heublein<br>\n      Dr. J\u00f6rg Grau<br>\n      Dr. Ulrich Pohlmann\n    <\/p>\n  <\/div>\n\n  <div class=\"block\">\n    <span class=\"label\">Rechtsform der Kanzlei:<\/span>\n    <p>Partnerschaftsgesellschaft mbB<\/p>\n  <\/div>\n\n  <h2>2. Berufsrechtliche Pflichtangaben nach \u00a7 5 Abs. 1 Nr. 5 TMG &amp; \u00a7 2 DL-InfoV<\/h2>\n\n  <div class=\"block\">\n    <span class=\"label\">Berufsbezeichnung:<\/span>\n    <p>Rechtsanwalt bzw. Rechtsanw\u00e4ltin<\/p>\n  <\/div>\n\n  <div class=\"block\">\n    <span class=\"label\">Staat der Verleihung:<\/span>\n    <p>Deutschland<\/p>\n  <\/div>\n\n  <div class=\"block\">\n    <p>\n      Den Partnern Dr. Gerrit Heublein, Dr. J\u00f6rg Grau und Dr. Ulrich Pohlmann sowie den angestellten Rechtsanw\u00e4lten Johannes Graner und Marius Kern wurde ihre gesetzliche Berufsbezeichnung in der Bundesrepublik Deutschland verliehen. Den angestellten Rechtsanw\u00e4ltinnen Isabell Radunz und Kristina Schulz wurde ihre gesetzliche Berufsbezeichnung ebenfalls in der Bundesrepublik Deutschland verliehen.\n    <\/p>\n  <\/div>\n\n  <div class=\"block\">\n    <span class=\"label\">Zust\u00e4ndige Rechtsanwaltskammer:<\/span>\n    <p>\n      Rechtsanwaltskammer Berlin<br>\n      Littenstra\u00dfe 9<br>\n      10179 Berlin\n    <\/p>\n  <\/div>\n\n  <div class=\"block\">\n    <span class=\"label\">Zust\u00e4ndige Aufsichtsbeh\u00f6rde:<\/span>\n    <p>\n      Rechtsanwaltskammer Berlin<br>\n      Littenstra\u00dfe 9<br>\n      10179 Berlin\n    <\/p>\n  <\/div>\n\n  <div class=\"block\">\n    <span class=\"label\">Berufsrechtliche Regelungen:<\/span>\n    <p>\n      Es gelten die folgenden berufsrechtlichen Regelungen: BRAO, BORA, FAO, BRAGO, RVG, CCBE-Berufsregeln sowie EuRAG. Diese k\u00f6nnen auf den Internetseiten der Bundesrechtsanwaltskammer eingesehen werden.\n    <\/p>\n  <\/div>\n\n  <div class=\"block\">\n    <p>\n      Die Berufstr\u00e4ger sind zugelassen in der Bundesrepublik Deutschland jeweils als Rechtsanwalt bzw. Rechtsanw\u00e4ltin. Die Partner der Soziet\u00e4t sind vertretungsberechtigt.\n    <\/p>\n  <\/div>\n\n  <div class=\"block\">\n    <p>\n      Der Partner Dr. Gerrit Heublein und die angestellten Rechtsanw\u00e4lte Johannes Graner und Marius Kern sind zugelassen bei der Rechtsanwaltskammer Berlin, Littenstra\u00dfe 9, 10179 Berlin.\n    <\/p>\n    <p>\n      Die Partner Dr. J\u00f6rg Grau und Dr. Ulrich Pohlmann sowie die angestellten Rechtsanw\u00e4ltinnen Isabell Radunz und Kristina Schulz sind zugelassen bei der Rechtsanwaltskammer Hamburg, Valentinskamp 88, 20355 Hamburg.\n    <\/p>\n  <\/div>\n\n  <h2>3. Berufshaftpflichtversicherung (\u00a7 51 BRAO)<\/h2>\n\n  <div class=\"block\">\n    <span class=\"label\">Versicherungsgesellschaft:<\/span>\n    <p>\n      Allianz Versicherungs-AG<br>\n      10900 Berlin\n    <\/p>\n  <\/div>\n\n  <div class=\"block\">\n    <span class=\"label\">R\u00e4umlicher Geltungsbereich der Versicherung:<\/span>\n    <p>Angabe folgt.<\/p>\n  <\/div>\n\n  <h2>4. Angaben nach \u00a7 55 Abs. 2 RStV<\/h2>\n\n  <div class=\"block\">\n    <p>\n      Verantwortlicher i. S. d. \u00a7 55 Abs. 2 RStV:<br>\n      Rechtsanwalt Dr. J\u00f6rg Grau<br>\n      Neuer Wall 41<br>\n      20354 Hamburg\n    <\/p>\n  <\/div>\n\n  <h2>5. Umsatzsteuer<\/h2>\n\n  <div class=\"block\">\n    <p>Umsatzsteuer-Identifikationsnummer: DE459848287<\/p>\n  <\/div>\n\n  <h2>6. Sonstige gesetzlich erforderliche Angaben<\/h2>\n\n  <div class=\"block\">\n    <p>\n      Registergericht und Registernummer:<br>\n      Amtsgericht Berlin Charlottenburg, PR 1875\n    <\/p>\n  <\/div>\n\n  <h2>Spam<\/h2>\n\n  <div class=\"block\">\n    <p>\n      <strong>Widerspruch Werbe-Mails<\/strong><br>\n      Wir widersprechen ausdr\u00fccklich der Nutzung von im Rahmen der Impressumspflicht ver\u00f6ffentlichten Kontaktdaten zur \u00dcbersendung von nicht angeforderter Werbung und Informationsmaterial. Im Falle der unverlangten Zusendung von derartigen Mails behalten wir uns vor, rechtliche Schritte einzuleiten.\n    <\/p>\n  <\/div>\n\n  <h2>Zust\u00e4ndige Verbraucherschlichtungsstellen<\/h2>\n\n  <div class=\"block\">\n    <p>\n      F\u00fcr verm\u00f6gensrechtliche Streitigkeiten aus einem bestehenden oder beendeten Mandatsverh\u00e4ltnis sind folgende Schlichtungsstellen zust\u00e4ndig:\n    <\/p>\n    <p>\n      Schlichtungsstelle der Rechtsanwaltschaft<br>\n      Neue Gr\u00fcnstra\u00dfe 17<br>\n      10179 Berlin<br>\n      <a href=\"https:\/\/www.schlichtungsstelle-der-rechtsanwaltschaft.de\" target=\"_blank\" rel=\"noopener noreferrer\">www.schlichtungsstelle-der-rechtsanwaltschaft.de<\/a>\n    <\/p>\n    <p>\n      Die Rechtsanw\u00e4lte von Heublein Grau sind grunds\u00e4tzlich bereit, an entsprechenden Streitbeilegungsverfahren der vorgenannten Schlichtungsstellen teilzunehmen.\n    <\/p>\n  <\/div>\n<\/div>\t\t\t\t<\/div>\n\t\t\t\t<\/div>\n\t\t\t\t<\/div>\n\t\t","protected":false},"excerpt":{"rendered":"<p>IMPRESSUM 1. Grundlegende Angaben nach \u00a7 5 TMG Heublein Grau Rechtsanw\u00e4lte Partnerschaftsgesellschaft mbB, Partner sind Dr. Gerrit Heublein, Dr. J\u00f6rg [&hellip;]<\/p>\n","protected":false},"author":1,"featured_media":0,"parent":0,"menu_order":0,"comment_status":"closed","ping_status":"closed","template":"elementor_header_footer","meta":{"site-sidebar-layout":"no-sidebar","site-content-layout":"","ast-site-content-layout":"full-width-container","site-content-style":"default","site-sidebar-style":"default","ast-global-header-display":"","ast-banner-title-visibility":"","ast-main-header-display":"","ast-hfb-above-header-display":"","ast-hfb-below-header-display":"","ast-hfb-mobile-header-display":"","site-post-title":"","ast-breadcrumbs-content":"","ast-featured-img":"disabled","footer-sml-layout":"","ast-disable-related-posts":"","theme-transparent-header-meta":"","adv-header-id-meta":"","stick-header-meta":"","header-above-stick-meta":"","header-main-stick-meta":"","header-below-stick-meta":"","astra-migrate-meta-layouts":"default","ast-page-background-enabled":"default","ast-page-background-meta":{"desktop":{"background-color":"var(--ast-global-color-5)","background-image":"","background-repeat":"repeat","background-position":"center center","background-size":"auto","background-attachment":"scroll","background-type":"","background-media":"","overlay-type":"","overlay-color":"","overlay-opacity":"","overlay-gradient":""},"tablet":{"background-color":"","background-image":"","background-repeat":"repeat","background-position":"center center","background-size":"auto","background-attachment":"scroll","background-type":"","background-media":"","overlay-type":"","overlay-color":"","overlay-opacity":"","overlay-gradient":""},"mobile":{"background-color":"","background-image":"","background-repeat":"repeat","background-position":"center center","background-size":"auto","background-attachment":"scroll","background-type":"","background-media":"","overlay-type":"","overlay-color":"","overlay-opacity":"","overlay-gradient":""}},"ast-content-background-meta":{"desktop":{"background-color":"var(--ast-global-color-4)","background-image":"","background-repeat":"repeat","background-position":"center center","background-size":"auto","background-attachment":"scroll","background-type":"","background-media":"","overlay-type":"","overlay-color":"","overlay-opacity":"","overlay-gradient":""},"tablet":{"background-color":"var(--ast-global-color-4)","background-image":"","background-repeat":"repeat","background-position":"center center","background-size":"auto","background-attachment":"scroll","background-type":"","background-media":"","overlay-type":"","overlay-color":"","overlay-opacity":"","overlay-gradient":""},"mobile":{"background-color":"var(--ast-global-color-4)","background-image":"","background-repeat":"repeat","background-position":"center center","background-size":"auto","background-attachment":"scroll","background-type":"","background-media":"","overlay-type":"","overlay-color":"","overlay-opacity":"","overlay-gradient":""}},"footnotes":""},"class_list":["post-375","page","type-page","status-publish","hentry"],"_links":{"self":[{"href":"https:\/\/hg.jungblut.dev\/index.php\/wp-json\/wp\/v2\/pages\/375","targetHints":{"allow":["GET"]}}],"collection":[{"href":"https:\/\/hg.jungblut.dev\/index.php\/wp-json\/wp\/v2\/pages"}],"about":[{"href":"https:\/\/hg.jungblut.dev\/index.php\/wp-json\/wp\/v2\/types\/page"}],"author":[{"embeddable":true,"href":"https:\/\/hg.jungblut.dev\/index.php\/wp-json\/wp\/v2\/users\/1"}],"replies":[{"embeddable":true,"href":"https:\/\/hg.jungblut.dev\/index.php\/wp-json\/wp\/v2\/comments?post=375"}],"version-history":[{"count":34,"href":"https:\/\/hg.jungblut.dev\/index.php\/wp-json\/wp\/v2\/pages\/375\/revisions"}],"predecessor-version":[{"id":749,"href":"https:\/\/hg.jungblut.dev\/index.php\/wp-json\/wp\/v2\/pages\/375\/revisions\/749"}],"wp:attachment":[{"href":"https:\/\/hg.jungblut.dev\/index.php\/wp-json\/wp\/v2\/media?parent=375"}],"curies":[{"name":"wp","href":"https:\/\/api.w.org\/{rel}","templated":true}]}}